
1
Calculate the highest common factor of 2249 and 83271474.
2249
What is the highest common divisor of 386676 and 10764?
828
What is the highest common divisor of 2147333 and 3435?
229
What is the greatest common divisor of 110 and 7950670?
10
What is the greatest common divisor of 3580062 and 1400262?
1038
What is the highest common divisor of 25 and 1707105?
5
Calculate the highest common divisor of 591348771 and 39.
39
Calculate the highest common factor of 6591 and 279695.
169
What is the greatest common factor of 6140 and 967664?
1228
Calculate the greatest common factor of 406562 and 7904.
494
Calculate the highest common divisor of 22755032 and 24.
8
Calculate the greatest common factor of 34388792 and 1592.
1592
Calculate the greatest common factor of 157 and 51423937.
157
What is the highest common factor of 24887468 and 4?
4
What is the highest common divisor of 1587400 and 200?
200
Calculate the highest common factor of 5076 and 1138624632.
1692
What is the highest common divisor of 15 and 3768045?
15
Calculate the highest common divisor of 9744 and 667344.
48
What is the highest common divisor of 633260 and 82?
2
What is the greatest common divisor of 9 and 8689356?
9
What is the highest common factor of 3288560 and 85470?
4070
What is the greatest common divisor of 9934 and 170243925?
4967
What is the highest common factor of 15201850 and 325?
25
Calculate the highest common factor of 1141190 and 207110.
1390
Calculate the highest common factor of 5126727 and 3.
3
What is the greatest common divisor of 116 and 21000988?
116
What is the greatest common divisor of 18802 and 359261?
119
Calculate the highest common divisor of 161502 and 10164.
66
Calculate the greatest common factor of 142 and 2880772.
2
What is the greatest common factor of 722 and 34345160?
38
What is the highest common divisor of 28844012 and 37157?
509
What is the highest common divisor of 495303 and 153759?
321
What is the highest common divisor of 14 and 608117426?
14
Calculate the highest common divisor of 4889 and 914844347.
4889
What is the highest common divisor of 11463270 and 21?
21
Calculate the greatest common factor of 1366312 and 150984.
1864
Calculate the greatest common divisor of 56154165 and 30.
15
What is the highest common factor of 736 and 4988171?
23
Calculate the greatest common divisor of 18095 and 5043335.
2585
What is the greatest common factor of 10345875 and 564?
141
Calculate the highest common divisor of 4430211 and 38.
19
Calculate the highest common divisor of 492328269 and 3518.
1759
What is the greatest common factor of 398558 and 268370?
1142
What is the greatest common divisor of 195094319 and 2047?
89
What is the highest common factor of 268 and 1786354?
134
What is the highest common factor of 2032 and 212944456?
1016
Calculate the highest common factor of 1066 and 75998338.
1066
What is the greatest common divisor of 22059 and 167751?
513
Calculate the greatest common factor of 288463 and 59339.
343
What is the greatest common divisor of 30 and 633885?
15
What is the highest common divisor of 20115 and 37315560?
2235
Calculate the highest common factor of 18116 and 7000.
28
Calculate the greatest common divisor of 15444 and 625339.
143
What is the greatest common factor of 1564 and 2565351?
391
Calculate the highest common divisor of 4706550 and 450.
450
What is the highest common factor of 15219 and 1611523?
1691
What is the greatest common divisor of 816851547 and 486?
243
What is the highest common divisor of 116128635 and 7812?
651
Calculate the highest common factor of 2110098 and 1827.
87
What is the highest common factor of 8265 and 88841355?
435
Calculate the greatest common divisor of 217356 and 436777.
59
What is the greatest common divisor of 379665 and 247005?
495
Calculate the greatest common factor of 336 and 6863388.
84
Calculate the greatest common divisor of 68 and 846435882.
34
Calculate the greatest common factor of 3932 and 54548636.
3932
Calculate the greatest common factor of 10332 and 218774934.
5166
What is the highest common divisor of 15 and 16123155?
15
What is the highest common divisor of 15222 and 6806004?
354
What is the greatest common factor of 45870 and 8965?
55
Calculate the highest common factor of 2658 and 8847596.
886
Calculate the greatest common factor of 17192 and 35.
7
Calculate the greatest common divisor of 10793572 and 4624.
1156
Calculate the highest common factor of 421549 and 34933.
181
Calculate the highest common factor of 240 and 47365440.
240
What is the greatest common factor of 129 and 1185983?
43
Calculate the greatest common factor of 3964 and 43832921.
991
Calculate the greatest common divisor of 38598248 and 221.
13
Calculate the highest common factor of 1621424 and 482608.
3472
Calculate the highest common divisor of 109693196 and 116.
116
What is the greatest common divisor of 9912 and 130256?
56
Calculate the greatest common divisor of 19611618 and 9906.
78
What is the highest common divisor of 1383 and 88089?
3
Calculate the greatest common divisor of 1095105 and 5280.
165
Calculate the highest common factor of 5300 and 3095708800.
5300
Calculate the greatest common factor of 228784 and 259752.
632
Calculate the greatest common divisor of 17 and 27483288.
17
What is the highest common divisor of 90 and 13178175?
15
What is the greatest common divisor of 172593 and 123444?
1143
What is the highest common factor of 39 and 26499733?
13
Calculate the highest common factor of 301981 and 35927.
971
Calculate the highest common factor of 126 and 16846767.
63
What is the greatest common factor of 890113500 and 90?
90
Calculate the highest common factor of 31456154 and 136.
34
What is the greatest common factor of 682 and 178586815?
341
Calculate the greatest common factor of 82899054 and 420.
42
What is the greatest common divisor of 54587 and 83759?
221
Calculate the greatest common divisor of 35859607 and 2506.
1253
Calculate the highest common divisor of 118836348 and 1032.
516
Calculate the greatest common factor of 2754 and 3928.
2
Calculate the highest common factor of 136 and 10449832.
136
What is the highest common divisor of 333 and 9304353?
333
Calculate the highest common factor of 74966174 and 478.
478
What is the greatest common factor of 419342008 and 152?
152
Calculate the highest common factor of 358148 and 952.
28
Calculate the greatest common divisor of 70 and 7031878.
14
Calculate the greatest common divisor of 436125 and 6084816.
3489
What is the highest common divisor of 11522751 and 16035?
3207
Calculate the greatest common divisor of 8454015 and 12835.
85
Calculate the greatest common divisor of 209 and 12180751.
11
Calculate the highest common factor of 63 and 2004121.
7
What is the highest common factor of 636 and 38408676?
636
What is the greatest common divisor of 8082610 and 20?
10
Calculate the greatest common factor of 238 and 481117238.
238
Calculate the greatest common factor of 924 and 8184330.
462
Calculate the greatest common factor of 368401 and 177727.
1177
What is the greatest common factor of 396 and 6180984?
36
Calculate the highest common divisor of 477 and 17312067.
9
What is the highest common factor of 344155 and 805?
35
Calculate the greatest common factor of 5175 and 4419680.
115
Calculate the highest common divisor of 486 and 3332664.
162
Calculate the highest common factor of 15418 and 586144.
26
What is the highest common divisor of 624950 and 150800?
1450
Calculate the highest common divisor of 144632762 and 478.
478
What is the greatest common divisor of 845 and 127950?
5
What is the greatest common factor of 13478 and 2837809?
23
What is the greatest common divisor of 55664300 and 2600?
100
What is the greatest common divisor of 18457552 and 16?
16
Calculate the greatest common divisor of 352080 and 9003468.
1956
Calculate the greatest common divisor of 10072540 and 4380.
1460
What is the highest common divisor of 1932 and 286818?
42
What is the greatest common factor of 37167 and 161577?
39
What is the greatest common divisor of 3551 and 432792329?
3551
Calculate the greatest common factor of 800 and 63850.
50
Calculate the greatest common factor of 14466397 and 121.
121
What is the highest common divisor of 1680 an